1296 and 1377?
81
What is the greatest common divisor of 9 and 72?
9
Calculate the highest common divisor of 115 and 598.
23
Calculate the highest common divisor of 1424 and 64.
16
What is the highest common divisor of 156 and 12324?
156
Calculate the greatest common factor of 154 and 4081.
77
Calculate the greatest common factor of 372 and 62.
62
What is the highest common factor of 11858 and 28?
14
Calculate the greatest common divisor of 45 and 170.
5
Calculate the greatest common divisor of 608 and 76.
76
What is the greatest common factor of 80 and 11230?
10
What is the highest common factor of 21 and 735?
21
What is the highest common factor of 6 and 102?
6
Calculate the highest common divisor of 133 and 30457.
133
What is the highest common divisor of 320 and 6560?
160
Calculate the highest common divisor of 42 and 10857.
21
Calculate the greatest common divisor of 40 and 10520.
40
Calculate the greatest common factor of 338 and 130.
26
What is the greatest common divisor of 174 and 1276?
58
Calculate the greatest common factor of 7464 and 12.
12
What is the greatest common divisor of 2277 and 33?
33
What is the greatest common factor of 1104 and 506?
46
Calculate the greatest common divisor of 7 and 21.
7
Calculate the greatest common divisor of 41 and 41.
41
What is the greatest common divisor of 390 and 50?
10
Calculate the highest common factor of 1053 and 549.
9
What is the greatest common divisor of 168 and 1248?
24
What is the highest common factor of 23776 and 64?
32
Calculate the greatest common divisor of 24 and 16584.
24
Calculate the highest common divisor of 1007 and 583.
53
What is the greatest common divisor of 918 and 18?
18
Calculate the highest common factor of 32 and 432.
16
What is the greatest common divisor of 680 and 85?
85
Calculate the highest common factor of 6723 and 567.
81
What is the greatest common factor of 1440 and 6?
6
Calculate the highest common factor of 420 and 12600.
420
Calculate the highest common factor of 413 and 7.
7
Calculate the greatest common factor of 725 and 25.
25
Calculate the highest common divisor of 19410 and 15.
15
Calculate the greatest common divisor of 30 and 636.
6
What is the greatest common factor of 33 and 627?
33
Calculate the highest common factor of 3924 and 72.
36
What is the greatest common divisor of 1704 and 71?
71
What is the highest common factor of 37 and 8251?
37
What is the highest common factor of 15087 and 1284?
321
What is the highest common factor of 11032 and 112?
56
Calculate the greatest common divisor of 44 and 154.
22
What is the highest common factor of 19 and 3629?
19
What is the highest common divisor of 1290 and 30?
30
Calculate the greatest common divisor of 72 and 2124.
36
What is the highest common divisor of 63 and 6741?
63
Calculate the greatest common divisor of 8463 and 4030.
403
Calculate the highest common factor of 200 and 440.
40
What is the greatest common divisor of 5 and 9245?
5
What is the highest common factor of 13576 and 8?
8
Calculate the highest common factor of 531 and 1475.
59
What is the highest common divisor of 700 and 154?
14
What is the highest common factor of 980 and 100?
20
What is the greatest common divisor of 126 and 1204?
14
Calculate the highest common divisor of 518 and 7.
7
What is the greatest common divisor of 70 and 238?
14
Calculate the greatest common factor of 315 and 1155.
105
Calculate the highest common divisor of 54 and 783.
27
What is the greatest common factor of 64 and 712?
8
Calculate the highest common divisor of 1098 and 66.
6
What is the greatest common divisor of 936 and 456?
24
What is the greatest common factor of 1115 and 1561?
223
What is the greatest common factor of 236 and 3?
1
What is the greatest common factor of 51967 and 157?
157
What is the greatest common factor of 54 and 342?
18
What is the greatest common factor of 1460 and 5?
5
What is the highest common factor of 1654 and 4?
2
What is the greatest common divisor of 20 and 65?
5
What is the highest common factor of 306 and 60894?
306
What is the highest common divisor of 445 and 1691?
89
What is the highest common divisor of 76 and 4066?
38
What is the highest common divisor of 3542 and 308?
154
Calculate the highest common divisor of 13525 and 25.
25
Calculate the greatest common divisor of 341 and 31.
31
Calculate the highest common factor of 846 and 188.
94
Calculate the greatest common factor of 291 and 150.
3
Calculate the highest common factor of 6864 and 396.
132
Calculate the greatest common factor of 63 and 21.
21
Calculate the highest common factor of 26 and 689.
13
Calculate the greatest common divisor of 144 and 1494.
18
What is the greatest common divisor of 17 and 408?
17
What is the greatest common factor of 28 and 185388?
28
What is the highest common factor of 1794 and 276?
138
What is the greatest common factor of 342 and 6954?
114
Calculate the greatest common divisor of 335 and 5.
5
What is the greatest common factor of 938 and 17554?
134
What is the highest common divisor of 869 and 11?
11
Calculate the greatest common factor of 4740 and 24.
12
Calculate the highest common factor of 492 and 2542.
82
Calculate the highest common divisor of 93 and 279.
93
What is the greatest common divisor of 25 and 10?
5
What is the highest common divisor of 1225 and 25?
25
Calculate the highest common divisor of 465 and 837.
93
What is the greatest common factor of 750 and 90?
30
What is the greatest common factor of 405 and 35235?
405
What is the highest common divisor of 1968 and 48?
48
What is the greatest common factor of 936 and 9?
9
What is the highest common factor of 665 and 6175?
95
What is the greatest common divisor of 49 and 5047?
49
Calculate the highest common factor of 11223 and 9.
9
What is the greatest common divisor of 44 and 4?
4
What is the greatest common divisor of 2952 and 697?
41
What is the highest common factor of 92 and 483?
23
Calculate the highest common divisor of 2565 and 1485.
135
Calculate the highest common divisor of 306 and 27.
9
What is the highest common divisor of 20 and 404?
4
What is the greatest common factor of 28 and 92?
4
What is the highest common factor of 198 and 54?
18
Calculate the greatest common divisor of 59 and 1003.
59
What is the greatest common factor of 222 and 148?
74
What is the highest common divisor of 1080 and 160?
40
Calculate the greatest common factor of 77 and 275.
11
Calculate the greatest common divisor of 35 and 4865.
35
Calculate the highest common factor of 88 and 7128.
88
What is the highest common divisor of 247 and 1843?
19
Calculate the greatest common factor of 238 and 84.
14
What is the greatest common factor of 220 and 41140?
220
What is the highest common divisor of 378 and 2250?
18
Calculate the greatest common divisor of 46 and 2.
2
What is the highest common factor of 4430 and 25?
5
What is the highest common factor of 123 and 33?
3
Calculate the highest common factor of 950 and 50.
50
What is the highest common factor of 171 and 285?
57
What is the highest common divisor of 475 and 76?
19
Calculate the greatest common factor of 28 and 22.
2
Calculate the highest common divisor of 468 and 45.
9
What is the highest common factor of 112 and 56?
56
Calculate the highest common divisor of 11 and 2387.
11
What is the highest common factor of 1 and 5?
1
What is the greatest common divisor of 45 and 18855?
45
Calculate the greatest common divisor of 696 and 10614.
174
Calculate the highest common factor of 28 and 3388.
28
Calculate the greatest common factor of 92 and 437.
23
Calculate the highest common divisor of 36 and 788.
4
Calculate the highest common divisor of 1152 and 360.
72
Calculate the highest common factor of 656 and 48.
16
What is the highest common divisor of 522 and 1305?
261
What is the highest common divisor of 3348 and 486?
54
Calculate the highest common factor of 36 and 11862.
18
Calculate the highest common factor of 182 and 260.
26
What is the highest common divisor of 72 and 396?
36
Calculate the highest common factor of 140 and 595.
35
Calculate the greatest common factor of 2 and 62.
2
What is the highest common factor of 190 and 8930?
190
What is the greatest common divisor of 1968 and 96?
48
What is the greatest commo